{"id":192,"date":"2015-10-06T18:46:38","date_gmt":"2015-10-06T17:46:38","guid":{"rendered":"http:\/\/www.photoclubperignat-allier.com\/?page_id=192"},"modified":"2016-03-06T18:41:18","modified_gmt":"2016-03-06T17:41:18","slug":"concours-2016","status":"publish","type":"page","link":"https:\/\/www.photoclubperignat-allier.com\/?page_id=192","title":{"rendered":"Concours 2016"},"content":{"rendered":"<p style=\"text-align: center;\"><strong>5\u00e8me concours National d\u2019art photographique<br \/>\nde P\u00e9rignat-sur-Allier Janvier 2016<\/strong><br \/>\n<span style=\"color: #ff0000;\">Concours cl\u00f4tur\u00e9 &#8211; <strong>Expo en cours<\/strong><br \/>\n<\/span><\/p>\n<hr \/>\n<p style=\"text-align: center;\"><a href=\"https:\/\/www.facebook.com\/concours63\" target=\"_blank\"><img decoding=\"async\" loading=\"lazy\" class=\"alignnone wp-image-97\" src=\"http:\/\/www.photoclubperignat-allier.com\/wp-content\/uploads\/2015\/04\/logo-facebook.jpg\" alt=\"logo-facebook\" width=\"159\" height=\"41\" srcset=\"https:\/\/www.photoclubperignat-allier.com\/wp-content\/uploads\/2015\/04\/logo-facebook.jpg 310w, https:\/\/www.photoclubperignat-allier.com\/wp-content\/uploads\/2015\/04\/logo-facebook-300x77.jpg 300w\" sizes=\"(max-width: 159px) 100vw, 159px\" \/><\/a><\/p>\n<hr \/>\n<p style=\"text-align: center;\"><a href=\"http:\/\/www.photoclubperignat-allier.com\/wp-content\/uploads\/2015\/10\/partenaires2016b.jpg\"><img decoding=\"async\" loading=\"lazy\" class=\"wp-image-223 size-full aligncenter\" src=\"http:\/\/www.photoclubperignat-allier.com\/wp-content\/uploads\/2015\/10\/partenaires2016b.jpg\" alt=\"Partenaires 2016\" width=\"526\" height=\"419\" \/><\/a><\/p>\n<hr \/>\n<p style=\"text-align: center;\"><strong>Jury<\/strong><\/p>\n<p>Gilbert Sin\u00e8gre (Pr\u00e9sident du jury 2016) &#8211; <a href=\"http:\/\/www.photoclubperignat-allier.com\/?page_id=226\" target=\"_blank\">Bio<br \/>\n<\/a><a href=\"https:\/\/www.youtube.com\/watch?v=lm9ZcUQsWcA\" target=\"_blank\"><img decoding=\"async\" loading=\"lazy\" class=\"size-full wp-image-340 aligncenter\" src=\"http:\/\/www.photoclubperignat-allier.com\/wp-content\/uploads\/2016\/02\/vignette_gilbert_sinegre.jpg\" alt=\"Gilbert Sinegre\" width=\"300\" height=\"169\" \/><\/a><\/p>\n<p>Yvan Laussel (Juge N\u00b02) du club de Lattes, vainqueur de la coupe de France papier monochrome 2015. <a href=\"http:\/\/www.photoclubperignat-allier.com\/?page_id=230\" target=\"_blank\">Bio<br \/>\n<\/a><a href=\"https:\/\/www.youtube.com\/watch?v=vwXwa_EqE_Q\" target=\"_blank\"><img decoding=\"async\" loading=\"lazy\" class=\"size-full wp-image-346 aligncenter\" src=\"http:\/\/www.photoclubperignat-allier.com\/wp-content\/uploads\/2016\/02\/vignette_yvan_laussel_lr.jpg\" alt=\"vignette_yvan_laussel_lr\" width=\"300\" height=\"169\" \/><\/a><\/p>\n<div dir=\"ltr\" style=\"text-align: center;\">Anne \u00c9l\u00e9onore Gagnon galeriste photo. (Galerie Grand Angle) (Juge N\u00b03) &#8211; <a href=\"http:\/\/www.photoclubperignat-allier.com\/?page_id=276\" target=\"_blank\">Bio<br \/>\n<\/a><a href=\"https:\/\/www.youtube.com\/watch?v=4o1I8-qqRxE\" target=\"_blank\"><img decoding=\"async\" loading=\"lazy\" class=\"size-full wp-image-371 aligncenter\" src=\"http:\/\/www.photoclubperignat-allier.com\/wp-content\/uploads\/2016\/02\/vignette_ae_gagnon_lr.jpg\" alt=\"vignette_ae_gagnon_lr\" width=\"300\" height=\"169\" \/><\/a><\/div>\n<div id=\"yui_3_16_0_1_1444226298930_3848\" dir=\"ltr\" style=\"text-align: center;\"><\/div>\n<hr \/>\n<p style=\"text-align: center;\"><strong>Le mot du pr\u00e9sident<br \/>\n<\/strong><\/p>\n<p style=\"text-align: justify;\">Cette ann\u00e9e nous organisons notre 5\u00e8me concours national d\u2019Art.<br \/>\nPhotographique. Depuis l\u2019an dernier nous avons int\u00e9gr\u00e9 la cat\u00e9gorie papier nature en plus des cat\u00e9gories papier monochrome et couleur, et cela a \u00e9t\u00e9 une r\u00e9ussite. Nous avons re\u00e7u 318 photos nature, 482 photos monochromes et 646 photos couleurs. Cela repr\u00e9sente au total 1446 photos envoy\u00e9es par 271 photographes.<br \/>\nJe tiens a remercier en premier lieu nos partenaires qui s\u2019impliquent financi\u00e8rement dans cet \u00e9v\u00e9nement national, les participants qui nous envoient leurs meilleurs clich\u00e9s, le journal La montagne et Info pour la diffusion des informations, et la F\u00e9d\u00e9ration Photographique de France qui nous accorde son patronage.<br \/>\nPour le pr\u00eat des salles, la pr\u00e9paration, la r\u00e9alisation et la mise en place de l\u2019exposition, je dis un grand merci a la commune de P\u00e9rignat-sur-Allier, \u00e0 la commission extra-municipale culture et \u00e0 tous les adh\u00e9rents du club photo qui sont impliqu\u00e9s \u00e0 la pr\u00e9paration et au bon d\u00e9roulement de cette manifestation. Sans eux le concours ne pourrait avoir lieu.<br \/>\nPlus de 200 \u0153uvres seront expos\u00e9es dans la Salle des Mariages et dans la Salle Onslow de la Mairie de P\u00e9rignat-sur-Allier.<br \/>\nUn \u00e9v\u00e9nement de cette importance se pr\u00e9pare \u00e0 partir du mois de novembre et se termine mi-avril, lorsque touts les colis ont \u00e9t\u00e9 exp\u00e9di\u00e9s.<br \/>\nCette ann\u00e9e nous aurons encore le plaisir de recevoir un jury d\u2019exception, qui le 23 et 24 janvier va avoir la dure tache de d\u00e9partager les photos. Il sera compos\u00e9 de juges avertis : Gilbert Sin\u00e8gre, Yvan Laussel et Anne El\u00e9onore Gagnon qui tient la Galerie photo Grand Angle \u00e0 Ceyrat.<br \/>\nGilbert Sin\u00e8gre et Yvan Laussel exposeront leurs \u0153uvres \u00e0 la Maison Grenouille durant tout le mois de f\u00e9vrier. Il faut noter que ces deux photographes font parti du Club Photo de Lattes qui depuis deux ans d\u00e9tient la coupe de France en photos monochromes. Il faut noter \u00e9galement que Gilbert Sin\u00e8gre a obtenu le 1<sup>er<\/sup> prix de cette comp\u00e9tition.<br \/>\nNotre objectif est de pr\u00e9senter une exposition unique en Auvergne. L\u2019an dernier nous avons re\u00e7u environ 1000 visiteurs, simples amateurs ou connaisseurs, qui se sont rencontr\u00e9 et \u00e9chang\u00e9 autour de plus de 200 photos qui \u00e9taient expos\u00e9es.<br \/>\nAlors j\u2019incite les \u00a0amateurs de belles images de participer au concours et se retrouver lors de l\u2019exposition.<br \/>\nLe pr\u00e9sident du club photo de P\u00e9rignat-sur-Allier et organisateur du concours.<\/p>\n<p style=\"text-align: left;\">Armand Amenta<\/p>\n<hr \/>\n<p style=\"text-align: center;\">\u00a0<strong>Informations g\u00e9n\u00e9rales<\/strong><\/p>\n<p style=\"text-align: center;\"><em> Un catalogue des meilleures photos sera remis \u00e0 tous les participants.<\/em><\/p>\n<table width=\"689\" cellspacing=\"0\" cellpadding=\"5\">\n<tbody>\n<tr>\n<td><em>Date limite de r\u00e9ception des envois<\/em><\/td>\n<td><em>16 janvier 2016<\/em><strong><em><br \/>\n<\/em><\/strong><\/td>\n<\/tr>\n<tr>\n<td><em>Jugement<\/em><\/td>\n<td><em><em><em><em>23 janvier 2016<\/em><\/em><\/em><\/em><\/td>\n<\/tr>\n<tr>\n<td><em>Notification des r\u00e9sultats sur le site du club<\/em><\/td>\n<td><em><em><em><em><em>30 janvier 2016<\/em><\/em><\/em><\/em><\/em><\/td>\n<\/tr>\n<tr>\n<td><em>Exposition, salle de la mairie de P\u00e9rignat-sur-Allier<\/em><\/td>\n<td><em><em><strong>du 20 f\u00e9vrier au\u00a0 28 f\u00e9vrier 2016<\/strong><br \/>\n<\/em><\/em><\/td>\n<\/tr>\n<\/tbody>\n<\/table>\n<hr \/>\n<p style=\"text-align: center;\"><a href=\"https:\/\/www.facebook.com\/concours63\" target=\"_blank\"><img decoding=\"async\" loading=\"lazy\" class=\"alignnone wp-image-97\" src=\"http:\/\/www.photoclubperignat-allier.com\/wp-content\/uploads\/2015\/04\/logo-facebook.jpg\" alt=\"logo-facebook\" width=\"159\" height=\"41\" srcset=\"https:\/\/www.photoclubperignat-allier.com\/wp-content\/uploads\/2015\/04\/logo-facebook.jpg 310w, https:\/\/www.photoclubperignat-allier.com\/wp-content\/uploads\/2015\/04\/logo-facebook-300x77.jpg 300w\" sizes=\"(max-width: 159px) 100vw, 159px\" \/><\/a><\/p>\n<hr \/>\n<p><strong>R\u00e8glement :<\/strong><br \/>\n<a href=\"http:\/\/www.photoclubperignat-allier.com\/stock\/concours\/2016\/reglement_concours_2016_d.zip\"><img decoding=\"async\" loading=\"lazy\" class=\"alignnone wp-image-195\" src=\"http:\/\/www.photoclubperignat-allier.com\/wp-content\/uploads\/2015\/10\/iconepdf.png\" alt=\"Fichier Pdf\" width=\"58\" height=\"58\" srcset=\"https:\/\/www.photoclubperignat-allier.com\/wp-content\/uploads\/2015\/10\/iconepdf.png 256w, https:\/\/www.photoclubperignat-allier.com\/wp-content\/uploads\/2015\/10\/iconepdf-150x150.png 150w\" sizes=\"(max-width: 58px) 100vw, 58px\" \/><\/a><\/p>\n<p>&nbsp;<\/p>\n<p><strong>Bordereau :<br \/>\n<\/strong>au format Word (<strong>\u00e0 privil\u00e9gier<\/strong> pour faciliter la tache des b\u00e9n\u00e9voles) :<br \/>\n<em> <a href=\"http:\/\/www.photoclubperignat-allier.com\/stock\/concours\/2016\/bordereau_2016.zip\"><img decoding=\"async\" loading=\"lazy\" class=\"alignnone wp-image-199\" src=\"http:\/\/www.photoclubperignat-allier.com\/wp-content\/uploads\/2015\/10\/iconeword.png\" alt=\"iconeword\" width=\"65\" height=\"65\" srcset=\"https:\/\/www.photoclubperignat-allier.com\/wp-content\/uploads\/2015\/10\/iconeword.png 256w, https:\/\/www.photoclubperignat-allier.com\/wp-content\/uploads\/2015\/10\/iconeword-150x150.png 150w\" sizes=\"(max-width: 65px) 100vw, 65px\" \/><\/a><em><em><br \/>\n<\/em><\/em><\/em><\/p>\n<p><em>Bordereau au format Pdf (pr\u00e9f\u00e9rez le bordereau au format Word ci-dessus si possible) : <a href=\"http:\/\/www.photoclubperignat-allier.com\/stock\/concours\/2016\/bordereau_2016_pdf.zip\" target=\"_blank\"><img decoding=\"async\" loading=\"lazy\" class=\"alignnone wp-image-195\" src=\"http:\/\/www.photoclubperignat-allier.com\/wp-content\/uploads\/2015\/10\/iconepdf.png\" alt=\"Fichier Pdf\" width=\"25\" height=\"25\" srcset=\"https:\/\/www.photoclubperignat-allier.com\/wp-content\/uploads\/2015\/10\/iconepdf.png 256w, https:\/\/www.photoclubperignat-allier.com\/wp-content\/uploads\/2015\/10\/iconepdf-150x150.png 150w\" sizes=\"(max-width: 25px) 100vw, 25px\" \/><\/a><\/em><\/p>\n<p><strong>Aide : \u00c9tiquettes<\/strong><br \/>\nFichier pour \u00e9tiquettes Agipa 119013 au format Word\u00a0 <a href=\"http:\/\/www.photoclubperignat-allier.com\/wp-content\/uploads\/2015\/04\/agipa119013_etiquettes-concours_perignat2014.zip\" target=\"_blank\">Etiquettes Word<\/a> et au format Pdf\u00a0 <a href=\"http:\/\/www.photoclubperignat-allier.com\/wp-content\/uploads\/2015\/04\/agipa119013_etiquettes-concours_perignat2014.pdf\" target=\"_blank\">Etiquette Pdf<\/a><br \/>\n(<a href=\"http:\/\/www.youtube.com\/watch?v=jBlH3AMACAo\" target=\"_blank\">le tuto pour tout comprendre<\/a>)<\/p>\n<p><strong>Aide : Marie-Louise et Passe-Partout<\/strong><br \/>\nPour vous aider : Tuto pour r\u00e9aliser un passe-partout (Marie Louise) (<a href=\"https:\/\/www.youtube.com\/watch?v=3Hpf34As6YY\" target=\"_blank\">le tuto pour tout comprendre<\/a>)<\/p>\n<hr \/>\n<p style=\"text-align: center;\"><strong>Statistiques<\/strong><\/p>\n<table border=\"0\" width=\"466\" cellspacing=\"0\" cellpadding=\"0\">\n<colgroup>\n<col width=\"99\" \/>\n<col width=\"94\" \/>\n<col width=\"56\" \/>\n<col width=\"104\" \/>\n<col width=\"113\" \/><\/colgroup>\n<tbody>\n<tr>\n<td width=\"99\" height=\"20\">Cat\u00e9gories<\/td>\n<td width=\"94\">Photos re\u00e7ues<\/td>\n<td width=\"56\">Auteurs<\/td>\n<td width=\"104\">Photos admises<\/td>\n<td width=\"113\">Photos expos\u00e9es<\/td>\n<\/tr>\n<tr>\n<td height=\"20\">Couleur Papier<\/td>\n<td align=\"right\">647<\/td>\n<td align=\"right\">217<\/td>\n<td align=\"right\">115<\/td>\n<td align=\"right\">102<\/td>\n<\/tr>\n<tr>\n<td height=\"20\">Monochrome<\/td>\n<td align=\"right\">514<\/td>\n<td align=\"right\">175<\/td>\n<td align=\"right\">101<\/td>\n<td align=\"right\">76<\/td>\n<\/tr>\n<tr>\n<td height=\"20\">Nature<\/td>\n<td align=\"right\">322<\/td>\n<td align=\"right\">113<\/td>\n<td align=\"right\">60<\/td>\n<td align=\"right\">46<\/td>\n<\/tr>\n<tr>\n<td height=\"20\">Total<\/td>\n<td align=\"right\">1483<\/td>\n<td align=\"right\">273<\/td>\n<td align=\"right\">276<\/td>\n<td align=\"right\"><\/td>\n<\/tr>\n<\/tbody>\n<\/table>\n<hr \/>\n<p style=\"text-align: center;\"><strong>R\u00e9sultats<br \/>\n<\/strong>Palmar\u00e8s, Cat\u00e9gorie Couleur, Cat\u00e9gorie Monochrome, Cat\u00e9gorie Nature :<\/p>\n<p style=\"text-align: center;\">\u00a0 <a href=\"http:\/\/www.photoclubperignat-allier.com\/wp-content\/uploads\/2015\/10\/2016_resultats.zip\" target=\"_blank\"><img decoding=\"async\" loading=\"lazy\" class=\" wp-image-308 alignnone\" src=\"http:\/\/www.photoclubperignat-allier.com\/wp-content\/uploads\/2015\/10\/ZIP.png\" alt=\"ZIP\" width=\"86\" height=\"86\" srcset=\"https:\/\/www.photoclubperignat-allier.com\/wp-content\/uploads\/2015\/10\/ZIP.png 256w, https:\/\/www.photoclubperignat-allier.com\/wp-content\/uploads\/2015\/10\/ZIP-150x150.png 150w\" sizes=\"(max-width: 86px) 100vw, 86px\" \/><\/a><\/p>\n<hr \/>\n<p style=\"text-align: center;\"><strong>Remise des prix en vid\u00e9os<br \/>\n<\/strong><\/p>\n<p>Partie 01\/03 &#8211; Remerciements<br \/>\n<a href=\"https:\/\/www.youtube.com\/watch?v=jUlCw2Euu5E&amp;list=PLvpAvMxpt9Ifa2y5LJt1jl__V61GotjML\" target=\"_blank\"><img decoding=\"async\" loading=\"lazy\" class=\"alignnone wp-image-422 size-full\" src=\"http:\/\/www.photoclubperignat-allier.com\/wp-content\/uploads\/2015\/10\/vignette_remise_prix01-1.jpg\" alt=\"vignette_remise_prix01\" width=\"300\" height=\"169\" \/><\/a><\/p>\n<p>Partie 02\/03 &#8211; Remise des prix Nationaux<br \/>\n<a href=\"https:\/\/www.youtube.com\/watch?v=x9PyQceSzGM\" target=\"_blank\"><img decoding=\"async\" loading=\"lazy\" class=\"alignnone wp-image-419 size-full\" src=\"http:\/\/www.photoclubperignat-allier.com\/wp-content\/uploads\/2015\/10\/vignette_remise_prix02.jpg\" alt=\"vignette_remise_prix02\" width=\"300\" height=\"169\" \/><\/a><\/p>\n<p>Partie 03\/03 &#8211; Remise des prix R\u00e9gionaux<br \/>\n<a href=\"https:\/\/www.youtube.com\/watch?v=gKkoRx0qHOc\" target=\"_blank\"><img decoding=\"async\" loading=\"lazy\" class=\"alignnone wp-image-421 size-full\" src=\"http:\/\/www.photoclubperignat-allier.com\/wp-content\/uploads\/2015\/10\/vignette_remise_prix03.jpg\" alt=\"vignette_remise_prix03\" width=\"300\" height=\"169\" \/><\/a><\/p>\n<p>&nbsp;<\/p>\n<hr \/>\n<p style=\"text-align: center;\"><a href=\"https:\/\/www.facebook.com\/concours63\" target=\"_blank\"><img decoding=\"async\" loading=\"lazy\" class=\"alignnone wp-image-97\" src=\"http:\/\/www.photoclubperignat-allier.com\/wp-content\/uploads\/2015\/04\/logo-facebook.jpg\" alt=\"logo-facebook\" width=\"159\" height=\"41\" srcset=\"https:\/\/www.photoclubperignat-allier.com\/wp-content\/uploads\/2015\/04\/logo-facebook.jpg 310w, https:\/\/www.photoclubperignat-allier.com\/wp-content\/uploads\/2015\/04\/logo-facebook-300x77.jpg 300w\" sizes=\"(max-width: 159px) 100vw, 159px\" \/><\/a><\/p>\n<hr \/>\n","protected":false},"excerpt":{"rendered":"<p>5\u00e8me concours National d\u2019art photographique de P\u00e9rignat-sur-Allier Janvier 2016 Concours cl\u00f4tur\u00e9 &#8211; Expo en cours Jury Gilbert Sin\u00e8gre (Pr\u00e9sident du jury 2016) &#8211; Bio Yvan Laussel (Juge N\u00b02) du club de Lattes, vainqueur de la coupe de France papier monochrome 2015. Bio Anne \u00c9l\u00e9onore Gagnon galeriste photo. (Galerie Grand Angle) (Juge N\u00b03) &#8211; Bio Le &hellip; <a href=\"https:\/\/www.photoclubperignat-allier.com\/?page_id=192\" class=\"more-link\">Continuer la lecture de <span class=\"screen-reader-text\">Concours 2016<\/span>  <span class=\"meta-nav\">&rarr;<\/span><\/a><\/p>\n","protected":false},"author":1,"featured_media":0,"parent":0,"menu_order":0,"comment_status":"closed","ping_status":"closed","template":"","meta":[],"_links":{"self":[{"href":"https:\/\/www.photoclubperignat-allier.com\/index.php?rest_route=\/wp\/v2\/pages\/192"}],"collection":[{"href":"https:\/\/www.photoclubperignat-allier.com\/index.php?rest_route=\/wp\/v2\/pages"}],"about":[{"href":"https:\/\/www.photoclubperignat-allier.com\/index.php?rest_route=\/wp\/v2\/types\/page"}],"author":[{"embeddable":true,"href":"https:\/\/www.photoclubperignat-allier.com\/index.php?rest_route=\/wp\/v2\/users\/1"}],"replies":[{"embeddable":true,"href":"https:\/\/www.photoclubperignat-allier.com\/index.php?rest_route=%2Fwp%2Fv2%2Fcomments&post=192"}],"version-history":[{"count":47,"href":"https:\/\/www.photoclubperignat-allier.com\/index.php?rest_route=\/wp\/v2\/pages\/192\/revisions"}],"predecessor-version":[{"id":424,"href":"https:\/\/www.photoclubperignat-allier.com\/index.php?rest_route=\/wp\/v2\/pages\/192\/revisions\/424"}],"wp:attachment":[{"href":"https:\/\/www.photoclubperignat-allier.com\/index.php?rest_route=%2Fwp%2Fv2%2Fmedia&parent=192"}],"curies":[{"name":"wp","href":"https:\/\/api.w.org\/{rel}","templated":true}]}}