{"id":567,"date":"2017-11-20T14:05:23","date_gmt":"2017-11-20T13:05:23","guid":{"rendered":"http:\/\/www.photoclubperignat-allier.com\/?page_id=567"},"modified":"2017-11-20T14:11:08","modified_gmt":"2017-11-20T13:11:08","slug":"biographie-georges-bonnet","status":"publish","type":"page","link":"http:\/\/www.photoclubperignat-allier.com\/?page_id=567","title":{"rendered":"Biographie &#8211; Georges Bonnet"},"content":{"rendered":"<p><img decoding=\"async\" loading=\"lazy\" class=\"aligncenter wp-image-570\" src=\"http:\/\/www.photoclubperignat-allier.com\/wp-content\/uploads\/2017\/11\/Georges-Bonnet-265x300.jpg\" alt=\"\" width=\"152\" height=\"172\" srcset=\"http:\/\/www.photoclubperignat-allier.com\/wp-content\/uploads\/2017\/11\/Georges-Bonnet-265x300.jpg 265w, http:\/\/www.photoclubperignat-allier.com\/wp-content\/uploads\/2017\/11\/Georges-Bonnet-768x868.jpg 768w, http:\/\/www.photoclubperignat-allier.com\/wp-content\/uploads\/2017\/11\/Georges-Bonnet-906x1024.jpg 906w, http:\/\/www.photoclubperignat-allier.com\/wp-content\/uploads\/2017\/11\/Georges-Bonnet.jpg 1800w\" sizes=\"(max-width: 152px) 100vw, 152px\" \/><\/p>\n<p><strong>Georges Bonnet<\/strong><\/p>\n<ul>\n<li>Co-Cr\u00e9ateur et secr\u00e9taire du photo club Sarladais en 1968.<\/li>\n<li>Secr\u00e9taire g\u00e9n\u00e9ral de l\u2019Union R\u00e9gionale Photographique d\u2019Aquitaine ( UR 14 ) .<\/li>\n<\/ul>\n<p>Palmar\u00e8s\u00a0:<\/p>\n<ul>\n<li>8 fois vainqueur de la Coupe de France FPF avec le club (4 NB, 4 Couleur).<\/li>\n<li>6 fois Laur\u00e9at de la coupe de France \u00e0 titre individuel .<\/li>\n<li>2\u00b0place au national auteur FPF et 4 x (1\u00b0 place au concours d\u2019auteur r\u00e9gional ).<\/li>\n<li>4 fois m\u00e9daille du Paysage en coupe de France . (Noir et blanc et couleur ).<\/li>\n<li>Nombreuse participations et r\u00e9compenses aux salons nationaux et internationaux.<\/li>\n<li>M\u00e9daille d\u2019or \u00e0 la coupe du monde FIAP 2014.<\/li>\n<\/ul>\n<p>Juge\u00a0:<\/p>\n<ul>\n<li>N2 et N1 FPF noir et blanc<\/li>\n<li>Salons internationaux et Nationaux.<\/li>\n<li>Concours nationaux SNCF, PTT, Finances, D\u00e9fense Nationale (arm\u00e9e).<\/li>\n<li>Concours r\u00e9gionaux diverses UR .<\/li>\n<\/ul>\n<p>Centre d\u2019int\u00e9r\u00eat\u00a0:<\/p>\n<p>Photos de paysages , s\u00e9ries d\u2019auteurs, panoramiques .<\/p>\n<p>Travaille en num\u00e9rique .<\/p>\n<p>Je pratique la photo depuis mes 14 ans\u00a0 d\u2019abord en argentique , puis d\u00e8s l\u2019apparition du num\u00e9rique\u00a0 .<\/p>\n<p>J\u2019ai assur\u00e9 des formations nationales pour le \u2018Zone System\u2019\u00a0 en argentique . Je travaille avec photoshop dont j\u2019ai aussi assur\u00e9 aussi quelques formations .<\/p>\n<p>Site internet\u00a0: <a href=\"http:\/\/www.georgesbonnetphotos.com\/\">http:\/\/www.georgesbonnetphotos.com\/<\/a><\/p>\n","protected":false},"excerpt":{"rendered":"<p>Georges Bonnet Co-Cr\u00e9ateur et secr\u00e9taire du photo club Sarladais en 1968. Secr\u00e9taire g\u00e9n\u00e9ral de l\u2019Union R\u00e9gionale Photographique d\u2019Aquitaine ( UR 14 ) . Palmar\u00e8s\u00a0: 8 fois vainqueur de la Coupe de France FPF avec le club (4 NB, 4 Couleur). 6 fois Laur\u00e9at de la coupe de France \u00e0 titre individuel . 2\u00b0place au national &hellip; <a href=\"http:\/\/www.photoclubperignat-allier.com\/?page_id=567\" class=\"more-link\">Continuer la lecture de <span class=\"screen-reader-text\">Biographie &#8211; Georges Bonnet<\/span>  <span class=\"meta-nav\">&rarr;<\/span><\/a><\/p>\n","protected":false},"author":1,"featured_media":0,"parent":0,"menu_order":0,"comment_status":"closed","ping_status":"closed","template":"","meta":[],"_links":{"self":[{"href":"http:\/\/www.photoclubperignat-allier.com\/index.php?rest_route=\/wp\/v2\/pages\/567"}],"collection":[{"href":"http:\/\/www.photoclubperignat-allier.com\/index.php?rest_route=\/wp\/v2\/pages"}],"about":[{"href":"http:\/\/www.photoclubperignat-allier.com\/index.php?rest_route=\/wp\/v2\/types\/page"}],"author":[{"embeddable":true,"href":"http:\/\/www.photoclubperignat-allier.com\/index.php?rest_route=\/wp\/v2\/users\/1"}],"replies":[{"embeddable":true,"href":"http:\/\/www.photoclubperignat-allier.com\/index.php?rest_route=%2Fwp%2Fv2%2Fcomments&post=567"}],"version-history":[{"count":4,"href":"http:\/\/www.photoclubperignat-allier.com\/index.php?rest_route=\/wp\/v2\/pages\/567\/revisions"}],"predecessor-version":[{"id":572,"href":"http:\/\/www.photoclubperignat-allier.com\/index.php?rest_route=\/wp\/v2\/pages\/567\/revisions\/572"}],"wp:attachment":[{"href":"http:\/\/www.photoclubperignat-allier.com\/index.php?rest_route=%2Fwp%2Fv2%2Fmedia&parent=567"}],"curies":[{"name":"wp","href":"https:\/\/api.w.org\/{rel}","templated":true}]}}

<p><img decoding="async" loading="lazy" class="aligncenter wp-image-570" src="http://www.photoclubperignat-allier.com/wp-content/uploads/2017/11/Georges-Bonnet-265x300.jpg" alt="" width="152" height="172" srcset="http://www.photoclubperignat-allier.com/wp-content/uploads/2017/11/Georges-Bonnet-265x300.jpg 265w, http://www.photoclubperignat-allier.com/wp-content/uploads/2017/11/Georges-Bonnet-768x868.jpg 768w, http://www.photoclubperignat-allier.com/wp-content/uploads/2017/11/Georges-Bonnet-906x1024.jpg 906w, http://www.photoclubperignat-allier.com/wp-content/uploads/2017/11/Georges-Bonnet.jpg 1800w" sizes="(max-width: 152px) 100vw, 152px" /></p>
<p><strong>Georges Bonnet</strong></p>
<ul>
<li>Co-Créateur et secrétaire du photo club Sarladais en 1968.</li>
<li>Secrétaire général de l’Union Régionale Photographique d’Aquitaine ( UR 14 ) .</li>
</ul>
<p>Palmarès :</p>
<ul>
<li>8 fois vainqueur de la Coupe de France FPF avec le club (4 NB, 4 Couleur).</li>
<li>6 fois Lauréat de la coupe de France à titre individuel .</li>
<li>2°place au national auteur FPF et 4 x (1° place au concours d’auteur régional ).</li>
<li>4 fois médaille du Paysage en coupe de France . (Noir et blanc et couleur ).</li>
<li>Nombreuse participations et récompenses aux salons nationaux et internationaux.</li>
<li>Médaille d’or à la coupe du monde FIAP 2014.</li>
</ul>
<p>Juge :</p>
<ul>
<li>N2 et N1 FPF noir et blanc</li>
<li>Salons internationaux et Nationaux.</li>
<li>Concours nationaux SNCF, PTT, Finances, Défense Nationale (armée).</li>
<li>Concours régionaux diverses UR .</li>
</ul>
<p>Centre d’intérêt :</p>
<p>Photos de paysages , séries d’auteurs, panoramiques .</p>
<p>Travaille en numérique .</p>
<p>Je pratique la photo depuis mes 14 ans  d’abord en argentique , puis dès l’apparition du numérique  .</p>
<p>J’ai assuré des formations nationales pour le ‘Zone System’  en argentique . Je travaille avec photoshop dont j’ai aussi assuré aussi quelques formations .</p>
<p>Site internet : <a href="http://www.georgesbonnetphotos.com/">http://www.georgesbonnetphotos.com/</a></p>

<p>Georges Bonnet Co-Créateur et secrétaire du photo club Sarladais en 1968. Secrétaire général de l’Union Régionale Photographique d’Aquitaine ( UR 14 ) . Palmarès : 8 fois vainqueur de la Coupe de France FPF avec le club (4 NB, 4 Couleur). 6 fois Lauréat de la coupe de France à titre individuel . 2°place au national &hellip; <a href="http://www.photoclubperignat-allier.com/?page_id=567" class="more-link">Continuer la lecture de <span class="screen-reader-text">Biographie &#8211; Georges Bonnet</span>  <span class="meta-nav">&rarr;</span></a></p>
