{"id":313,"date":"2016-01-28T17:42:02","date_gmt":"2016-01-28T16:42:02","guid":{"rendered":"http:\/\/www.photoclubperignat-allier.com\/?page_id=313"},"modified":"2016-01-30T04:20:14","modified_gmt":"2016-01-30T03:20:14","slug":"bio-jean-pierre-lauby","status":"publish","type":"page","link":"http:\/\/www.photoclubperignat-allier.com\/?page_id=313","title":{"rendered":"Bio &#8211; Jean-Pierre LAUBY"},"content":{"rendered":"<p><strong>Inspecteur d\u2019acad\u00e9mie \u2013 Inspecteur p\u00e9dagogique R\u00e9gional honoraire d\u2019Histoire et de G\u00e9ographie (promotion 1994)\u00a0<\/strong><\/p>\n<p><strong>Agr\u00e9g\u00e9 de G\u00e9ographie (promotion 1975)<\/strong><\/p>\n<p><strong>\u00a0<\/strong><img decoding=\"async\" loading=\"lazy\" class=\"wp-image-326 alignleft\" src=\"http:\/\/www.photoclubperignat-allier.com\/wp-content\/uploads\/2016\/01\/J.P-Lauby.jpg\" alt=\"J.P Lauby\" width=\"123\" height=\"183\" srcset=\"http:\/\/www.photoclubperignat-allier.com\/wp-content\/uploads\/2016\/01\/J.P-Lauby.jpg 516w, http:\/\/www.photoclubperignat-allier.com\/wp-content\/uploads\/2016\/01\/J.P-Lauby-202x300.jpg 202w\" sizes=\"(max-width: 123px) 100vw, 123px\" \/>N\u00e9 le 16\/10\/1950 au Breuil-sur-Couze (63). Etudes secondaires au coll\u00e8ge de Saint-Germain-Lembron, puis au lyc\u00e9e d\u2019Issoire.<\/p>\n<p>&nbsp;<\/p>\n<p>&nbsp;<\/p>\n<p>&nbsp;<\/p>\n<p><strong> Parcours professionnel<\/strong>.<\/p>\n<p>&#8211; Etudes universitaires \u00e0 Clermont-Ferrand, Institut de g\u00e9ographie<\/p>\n<p>&#8211; Professeur de coll\u00e8ge \u00e0 Montlu\u00e7on (1975-1982), puis professeur \u00e0 l\u2019\u00c9cole Normale d\u2019Instituteurs de Clermont-Ferrand, et \u00e0 l\u2019I.U.F.M. d\u2019Auvergne (1982-1993)\u00a0;<\/p>\n<p>&#8211; Directeur de l\u2019Edition au CRDP d\u2019Auvergne (1993-1994), sous la direction de Pierre Danel\u00a0 ;<\/p>\n<p>&#8211; Inspecteur d\u2019acad\u00e9mie, Inspecteur P\u00e9dagogique R\u00e9gional depuis 1994, successivement dans les acad\u00e9mies d\u2019Amiens (1995-1997), Clermont-Ferrand (1997-2004) o\u00f9 j\u2019ai eu la charge de Doyen des Inspecteurs de 1999 \u00e0 2002, puis celle de Paris (2004-2013) o\u00f9 j\u2019ai achev\u00e9 ma carri\u00e8re avec la mission de Conseiller du recteur pour les technologies de l\u2019information et de la communication.<\/p>\n<p>A pilot\u00e9 dans les acad\u00e9mies d\u2019Amiens et de Clermont-Ferrand l\u2019enseignement optionnel Cin\u00e9ma-audiovisuel.<\/p>\n<p><strong> Points particuliers<\/strong>.<\/p>\n<p>&#8211; Chevalier de la L\u00e9gion d\u2019Honneur<\/p>\n<p>&#8211; Commandeur des Palmes acad\u00e9miques<\/p>\n<p><strong>Loisirs.<\/strong><\/p>\n<p>Cin\u00e9ma et litt\u00e9rature, pratique de la peinture-dessin, de la photographie (depuis l\u2019\u00e2ge de 12 ans) et collectionneur d\u2019appareils photographiques, sport, voyages.<\/p>\n","protected":false},"excerpt":{"rendered":"<p>Inspecteur d\u2019acad\u00e9mie \u2013 Inspecteur p\u00e9dagogique R\u00e9gional honoraire d\u2019Histoire et de G\u00e9ographie (promotion 1994)\u00a0 Agr\u00e9g\u00e9 de G\u00e9ographie (promotion 1975) \u00a0N\u00e9 le 16\/10\/1950 au Breuil-sur-Couze (63). Etudes secondaires au coll\u00e8ge de Saint-Germain-Lembron, puis au lyc\u00e9e d\u2019Issoire. &nbsp; &nbsp; &nbsp; Parcours professionnel. &#8211; Etudes universitaires \u00e0 Clermont-Ferrand, Institut de g\u00e9ographie &#8211; Professeur de coll\u00e8ge \u00e0 Montlu\u00e7on (1975-1982), puis &hellip; <a href=\"http:\/\/www.photoclubperignat-allier.com\/?page_id=313\" class=\"more-link\">Continuer la lecture de <span class=\"screen-reader-text\">Bio &#8211; Jean-Pierre LAUBY<\/span>  <span class=\"meta-nav\">&rarr;<\/span><\/a><\/p>\n","protected":false},"author":1,"featured_media":0,"parent":0,"menu_order":0,"comment_status":"closed","ping_status":"closed","template":"","meta":[],"_links":{"self":[{"href":"http:\/\/www.photoclubperignat-allier.com\/index.php?rest_route=\/wp\/v2\/pages\/313"}],"collection":[{"href":"http:\/\/www.photoclubperignat-allier.com\/index.php?rest_route=\/wp\/v2\/pages"}],"about":[{"href":"http:\/\/www.photoclubperignat-allier.com\/index.php?rest_route=\/wp\/v2\/types\/page"}],"author":[{"embeddable":true,"href":"http:\/\/www.photoclubperignat-allier.com\/index.php?rest_route=\/wp\/v2\/users\/1"}],"replies":[{"embeddable":true,"href":"http:\/\/www.photoclubperignat-allier.com\/index.php?rest_route=%2Fwp%2Fv2%2Fcomments&post=313"}],"version-history":[{"count":5,"href":"http:\/\/www.photoclubperignat-allier.com\/index.php?rest_route=\/wp\/v2\/pages\/313\/revisions"}],"predecessor-version":[{"id":328,"href":"http:\/\/www.photoclubperignat-allier.com\/index.php?rest_route=\/wp\/v2\/pages\/313\/revisions\/328"}],"wp:attachment":[{"href":"http:\/\/www.photoclubperignat-allier.com\/index.php?rest_route=%2Fwp%2Fv2%2Fmedia&parent=313"}],"curies":[{"name":"wp","href":"https:\/\/api.w.org\/{rel}","templated":true}]}}

<p><strong>Inspecteur d’académie – Inspecteur pédagogique Régional honoraire d’Histoire et de Géographie (promotion 1994) </strong></p>
<p><strong>Agrégé de Géographie (promotion 1975)</strong></p>
<p><strong> </strong><img decoding="async" loading="lazy" class="wp-image-326 alignleft" src="http://www.photoclubperignat-allier.com/wp-content/uploads/2016/01/J.P-Lauby.jpg" alt="J.P Lauby" width="123" height="183" srcset="http://www.photoclubperignat-allier.com/wp-content/uploads/2016/01/J.P-Lauby.jpg 516w, http://www.photoclubperignat-allier.com/wp-content/uploads/2016/01/J.P-Lauby-202x300.jpg 202w" sizes="(max-width: 123px) 100vw, 123px" />Né le 16/10/1950 au Breuil-sur-Couze (63). Etudes secondaires au collège de Saint-Germain-Lembron, puis au lycée d’Issoire.</p>
<p>&nbsp;</p>
<p>&nbsp;</p>
<p>&nbsp;</p>
<p><strong> Parcours professionnel</strong>.</p>
<p>&#8211; Etudes universitaires à Clermont-Ferrand, Institut de géographie</p>
<p>&#8211; Professeur de collège à Montluçon (1975-1982), puis professeur à l’École Normale d’Instituteurs de Clermont-Ferrand, et à l’I.U.F.M. d’Auvergne (1982-1993) ;</p>
<p>&#8211; Directeur de l’Edition au CRDP d’Auvergne (1993-1994), sous la direction de Pierre Danel  ;</p>
<p>&#8211; Inspecteur d’académie, Inspecteur Pédagogique Régional depuis 1994, successivement dans les académies d’Amiens (1995-1997), Clermont-Ferrand (1997-2004) où j’ai eu la charge de Doyen des Inspecteurs de 1999 à 2002, puis celle de Paris (2004-2013) où j’ai achevé ma carrière avec la mission de Conseiller du recteur pour les technologies de l’information et de la communication.</p>
<p>A piloté dans les académies d’Amiens et de Clermont-Ferrand l’enseignement optionnel Cinéma-audiovisuel.</p>
<p><strong> Points particuliers</strong>.</p>
<p>&#8211; Chevalier de la Légion d’Honneur</p>
<p>&#8211; Commandeur des Palmes académiques</p>
<p><strong>Loisirs.</strong></p>
<p>Cinéma et littérature, pratique de la peinture-dessin, de la photographie (depuis l’âge de 12 ans) et collectionneur d’appareils photographiques, sport, voyages.</p>

<p>Inspecteur d’académie – Inspecteur pédagogique Régional honoraire d’Histoire et de Géographie (promotion 1994)  Agrégé de Géographie (promotion 1975)  Né le 16/10/1950 au Breuil-sur-Couze (63). Etudes secondaires au collège de Saint-Germain-Lembron, puis au lycée d’Issoire. &nbsp; &nbsp; &nbsp; Parcours professionnel. &#8211; Etudes universitaires à Clermont-Ferrand, Institut de géographie &#8211; Professeur de collège à Montluçon (1975-1982), puis &hellip; <a href="http://www.photoclubperignat-allier.com/?page_id=313" class="more-link">Continuer la lecture de <span class="screen-reader-text">Bio &#8211; Jean-Pierre LAUBY</span>  <span class="meta-nav">&rarr;</span></a></p>
