{"id":311,"date":"2016-01-28T17:41:22","date_gmt":"2016-01-28T16:41:22","guid":{"rendered":"http:\/\/www.photoclubperignat-allier.com\/?page_id=311"},"modified":"2016-01-28T17:41:22","modified_gmt":"2016-01-28T16:41:22","slug":"bio-alain-jean-baptiste","status":"publish","type":"page","link":"http:\/\/www.photoclubperignat-allier.com\/?page_id=311","title":{"rendered":"Bio &#8211; Alain JEAN-BAPTISTE"},"content":{"rendered":"<p>Alain JEAN-BAPTISTE<\/p>\n<p>N\u00e9 le 09\/11\/1944<\/p>\n<p>Sa carri\u00e8re professionnelle, il la passe comme photographe au Centre R\u00e9gional de Documentation P\u00e9dagogique d\u2019Auvergne. Originaire de la Ni\u00e8vre et passionn\u00e9 par l\u2019art Roman, il r\u00e9alise plusieurs ouvrages entre-autres\u00a0: Tr\u00e9sors d\u2019Auvergne, Tr\u00e9sors du Berry, Villes et Villages, Gens de la Ville etc.<\/p>\n<p>Parall\u00e8lement il r\u00e9alise de nombreuses expositions dont vous pourrez voir quelques extraits sur le site\u00a0: <a href=\"http:\/\/jbphotopassion.com\/\" target=\"_blank\">jbphotopassion.com<\/a><\/p>\n<p>Alain n\u2019en est pas \u00e0 son premier rendez-vous avec les cours d\u2019eau de France, apr\u00e8s un ouvrage consacr\u00e9 \u00e0 la rivi\u00e8re l\u2019Allier, il nous fait d\u00e9couvrir la Sa\u00f4ne avec le livre \u00ab\u00a0Au Fil de l\u2019eau \u00abLa Sa\u00f4ne\u00a0\u00bb en collaboration avec Daniel Rosetta<\/p>\n<p>Il voit et partage.<\/p>\n<p>De ce simple \u00e9nonc\u00e9, on pourrait extraire l&rsquo;intention de nombreux photographes. Il n&rsquo;y a ni dogme dans ce regard-l\u00e0, pas de vision pr\u00e9con\u00e7ue de la beaut\u00e9, mais une fa\u00e7on de proposer le monde, qui nous renvoie humblement, non pas \u00e0 ce que nous voyons, mais \u00e0 ce qui nous regarde.<\/p>\n","protected":false},"excerpt":{"rendered":"<p>Alain JEAN-BAPTISTE N\u00e9 le 09\/11\/1944 Sa carri\u00e8re professionnelle, il la passe comme photographe au Centre R\u00e9gional de Documentation P\u00e9dagogique d\u2019Auvergne. Originaire de la Ni\u00e8vre et passionn\u00e9 par l\u2019art Roman, il r\u00e9alise plusieurs ouvrages entre-autres\u00a0: Tr\u00e9sors d\u2019Auvergne, Tr\u00e9sors du Berry, Villes et Villages, Gens de la Ville etc. Parall\u00e8lement il r\u00e9alise de nombreuses expositions dont vous &hellip; <a href=\"http:\/\/www.photoclubperignat-allier.com\/?page_id=311\" class=\"more-link\">Continuer la lecture de <span class=\"screen-reader-text\">Bio &#8211; Alain JEAN-BAPTISTE<\/span>  <span class=\"meta-nav\">&rarr;<\/span><\/a><\/p>\n","protected":false},"author":1,"featured_media":0,"parent":0,"menu_order":0,"comment_status":"closed","ping_status":"closed","template":"","meta":[],"_links":{"self":[{"href":"http:\/\/www.photoclubperignat-allier.com\/index.php?rest_route=\/wp\/v2\/pages\/311"}],"collection":[{"href":"http:\/\/www.photoclubperignat-allier.com\/index.php?rest_route=\/wp\/v2\/pages"}],"about":[{"href":"http:\/\/www.photoclubperignat-allier.com\/index.php?rest_route=\/wp\/v2\/types\/page"}],"author":[{"embeddable":true,"href":"http:\/\/www.photoclubperignat-allier.com\/index.php?rest_route=\/wp\/v2\/users\/1"}],"replies":[{"embeddable":true,"href":"http:\/\/www.photoclubperignat-allier.com\/index.php?rest_route=%2Fwp%2Fv2%2Fcomments&post=311"}],"version-history":[{"count":1,"href":"http:\/\/www.photoclubperignat-allier.com\/index.php?rest_route=\/wp\/v2\/pages\/311\/revisions"}],"predecessor-version":[{"id":312,"href":"http:\/\/www.photoclubperignat-allier.com\/index.php?rest_route=\/wp\/v2\/pages\/311\/revisions\/312"}],"wp:attachment":[{"href":"http:\/\/www.photoclubperignat-allier.com\/index.php?rest_route=%2Fwp%2Fv2%2Fmedia&parent=311"}],"curies":[{"name":"wp","href":"https:\/\/api.w.org\/{rel}","templated":true}]}}

<p>Alain JEAN-BAPTISTE</p>
<p>Né le 09/11/1944</p>
<p>Sa carrière professionnelle, il la passe comme photographe au Centre Régional de Documentation Pédagogique d’Auvergne. Originaire de la Nièvre et passionné par l’art Roman, il réalise plusieurs ouvrages entre-autres : Trésors d’Auvergne, Trésors du Berry, Villes et Villages, Gens de la Ville etc.</p>
<p>Parallèlement il réalise de nombreuses expositions dont vous pourrez voir quelques extraits sur le site : <a href="http://jbphotopassion.com/" target="_blank">jbphotopassion.com</a></p>
<p>Alain n’en est pas à son premier rendez-vous avec les cours d’eau de France, après un ouvrage consacré à la rivière l’Allier, il nous fait découvrir la Saône avec le livre « Au Fil de l’eau «La Saône » en collaboration avec Daniel Rosetta</p>
<p>Il voit et partage.</p>
<p>De ce simple énoncé, on pourrait extraire l&rsquo;intention de nombreux photographes. Il n&rsquo;y a ni dogme dans ce regard-là, pas de vision préconçue de la beauté, mais une façon de proposer le monde, qui nous renvoie humblement, non pas à ce que nous voyons, mais à ce qui nous regarde.</p>

<p>Alain JEAN-BAPTISTE Né le 09/11/1944 Sa carrière professionnelle, il la passe comme photographe au Centre Régional de Documentation Pédagogique d’Auvergne. Originaire de la Nièvre et passionné par l’art Roman, il réalise plusieurs ouvrages entre-autres : Trésors d’Auvergne, Trésors du Berry, Villes et Villages, Gens de la Ville etc. Parallèlement il réalise de nombreuses expositions dont vous &hellip; <a href="http://www.photoclubperignat-allier.com/?page_id=311" class="more-link">Continuer la lecture de <span class="screen-reader-text">Bio &#8211; Alain JEAN-BAPTISTE</span>  <span class="meta-nav">&rarr;</span></a></p>
